. Calculate d(y).
-5
Let o(i) = -7 + 778*i - 394*i - 392*i. Determine o(-6).
41
Let o be (2*-4)/(2/(-4)). Let s be (16/(-6))/(3*2/(-9)). Suppose 0*v - o = -s*v. Let c(w) = -w**2 + 3*w. Determine c(v).
-4
Suppose p = 28*p + 108. Let g(i) = -i**2 - 5*i - 5. Give g(p).
-1
Let m(o) = 674 + 2*o - o**2 - 3*o - 676. What is m(-2)?
-4
Let n(k) = -k**2 - 11*k - 16. Let f be n(-10). Let l(b) = b - 2. Let s be l(6). Let d(x) = -8*x + 5*x**2 + 9 - 8 - s + x**3. Give d(f).
9
Let p(w) = -13*w**2 + 17*w**2 - 2 + 0*w**2 + 0*w**2 - 3*w - 5*w**2. Determine p(-8).
-42
Let m(b) = 3*b**2 - b. Let h be m(-1). Suppose 3*x + 28 = 4*l + x, 2*l + h*x = -6. Suppose l = -i - 0*i. Let s(w) = w + 4. Determine s(i).
-1
Let x(p) = 4*p - 8. Suppose 2*v = 3*k + 9, 48 = 3*v + v + 4*k. Determine x(v).
28
Let n(b) = b. Suppose 5*v - 26 = 19. Let x = -9 + v. Suppose 2*o = -u - x*o + 2, -5*o + 27 = -3*u. Give n(u).
-4
Let h(c) = -2*c + 10. Let y be 4 + (-8 - 1) - (-24 + 12). Calculate h(y).
-4
Let h = 2465 - 2468. Let i(d) = d**3 + d**2 - 9*d - 4. Give i(h).
5
Let i(u) = 2*u + 16. Suppose 2 = t + 7. Determine i(t).
6
Let r = -12 - -14. Let n(q) = q**2 - q - 6*q**3 - 6 + 2*q - r + 3. Let v(z) = z**3 + 1. Let i(u) = n(u) + 5*v(u). Give i(-1).
1
Let o(t) = 2*t**2 - t - 2. Let x be o(-2). Suppose 7*p - 5*p = x. Let m(r) = -2*r + 2 + p*r - r. Determine m(-2).
0
Let s be 2/10 - 1/5. Suppose -5*t + 2*t + 36 = s. Let d be (-4)/(16/t) + 7. Let k(j) = -2*j + 5. Determine k(d).
-3
Let s(p) be the second derivative of p**3/6 + p**2/2 - 4*p. Let k(w) = -3*w - 7. Let z(h) = -k(h) - 4*s(h). Determine z(-3).
6
Let h(w) be the third derivative of w**4/12 + w**3/3 - w**2. Suppose 3974 - 4074 = -20*c. What is h(c)?
12
Let n(w) = -2*w - 7. Let i be n(-6). Suppose i*x + 30 = 75. Suppose 5*s = 2*s + x. Let v(c) = c**3 - 4*c**2 + 1. Calculate v(s).
-8
Let t(r) be the third derivative of r**5/60 + 7*r**4/24 - r**3 + 367*r**2. What is t(-8)?
2
Suppose 3*h = 15*h + 44*h. Let k(s) be the third derivative of 0 - 13*s**2 - 1/3*s**4 + h*s + 1/6*s**3. Calculate k(1).
-7
Suppose -62 = 5*w - h, -3 = -w + 5*h - 1. Let b(z) = z + 17. Let i be b(w). Let t(y) = -y**3 + 4*y**2 + 3*y + 2. Determine t(i).
14
Let c(r) = 2*r**3 + 18*r**2 + 5*r + 51. Let p be c(-9). Let y(s) = s**2 - 7*s + 9. Determine y(p).
3
Let j(v) = v**2 + 4*v. Suppose -3*m + 0*m - 6 = 0. Let y be j(m). Let r(d) be the third derivative of d**4/12 + 5*d**3/6 - d**2. Calculate r(y).
-3
Let n(y) be the first derivative of -1/2*y**2 - 7*y + 13. Suppose 5*h + 27 - 2 = 0. Determine n(h).
-2
Let c be 26/8 - (-2)/(-8). Suppose -s = -3*m - c, -2*s + s + 5*m + 3 = 0. Let o(v) = -1 + 4 - 3 - 7*v**s + v. Determine o(1).
-6
Let k be (420/234)/10 - (-2)/13. Let q(a) be the second derivative of k*a**4 - 1/6*a**3 + 2*a**2 + 4*a - 1/20*a**5 + 0. What is q(4)?
0
Let p(t) be the first derivative of 8*t**3 - 8*t**3 - t**3 - 36. Determine p(-2).
-12
Let n = -397 - -402. Let o(m) = m**2 - 7*m + 3. Calculate o(n).
-7
Let z(p) = 259 - 258 + 68*p**2 + p - 51*p**2. Give z(-1).
17
Let y(s) be the third derivative of s**6/120 + 7*s**5/60 - 7*s**4/24 + s**3/6 + s**2. Let l = -18448 + 18440. Determine y(l).
-7
Let t(k) = -35*k**2 - 10*k - 1. Let h(l) = -23*l**2 - 9*l. Let f(r) = 3*h(r) - 2*t(r). Suppose 11 = v + 3. Calculate f(v).
10
Let y(x) = 8*x - x**2 - 2 - 7*x + 1 + 2*x**2. Let w be 102/42 - (-12)/21. Suppose -3*k = -w*c, -c - 5*k + 14 = c. What is y(c)?
5
Let j(g) be the first derivative of -3*g + 1/6*g**3 - 4 + 3/2*g**2. Let l(b) be the first derivative of j(b). Determine l(0).
3
Let u(f) = f**3 + 2*f**2 - 4*f + 4. Let z be u(-3). Let o(w) = 5*w - 3. Let k(t) = t + 1. Let x(d) = -4*k(d) + o(d). Give x(z).
0
Let i(b) be the third derivative of -b**6/120 - b**5/10 + b**4/12 + 4*b**3/3 - 29*b**2 - 4*b. Calculate i(-6).
-4
Let f(l) be the second derivative of 1/6*l**3 + 0 + 3*l**2 - 18*l. What is f(0)?
6
Suppose -9 = -y + 2*h, -14 - 7 = -4*y + 3*h. Let s(c) = 2*c**2 - 3. Let v(u) = u. Let x = 15 + -16. Let o(w) = x*s(w) + 2*v(w). Calculate o(y).
-9
Suppose 20 = -383*n + 379*n. Let w(i) = i**3 + 6*i**2 + 5*i - 5. Give w(n).
-5
Suppose -2*t - 2*g + 12 = 0, -5*t + 10 = -g - 20. Let q(d) = -d**3 + 8*d**2 - 14*d + 7. Give q(t).
-5
Let z(s) = -s**3 - 9*s**2 - 10*s - 25. Let n be z(-8). Let c(w) = -w**2 - 8*w + 6. What is c(n)?
-3
Suppose i - 10 = 3*y, 0 = -5*y + i - 17 + 3. Let g be (-1)/(6/y + 4). Let r(z) = 5*z. Give r(g).
-5
Let c(u) = -14 - 17 + 2*u + 5 - 1. Let r be c(11). Let b(s) = -5*s - s**2 + 1 - 3 + 1. Determine b(r).
-1
Let x(l) = l**2 - 16*l - 3. Let s be x(16). Let o = -4 - -11. Let y = o + s. Let f(i) = i**3 - 4*i**2 + 2*i - 5. Determine f(y).
3
Let q(k) = k**2 - 5*k + 2. Suppose 5*t - 2*d - 21 = 15, -2*d = t. Suppose -4*y + 1 + 7 = 0. Suppose 0 = o + y - t. Calculate q(o).
-2
Let d(r) = -r**2 + 6*r + 1. Let n = 39 + -15. Let a(h) = 2*h**2 - 3*h + 2. Let x be a(2). Suppose x*j = -0*j + n. Calculate d(j).
1
Suppose 2 = 2*i - c - 3, -3*i - 12 = 5*c. Let r(h) = 15*h - 2. Calculate r(i).
13
Let m(l) be the first derivative of 3/2*l**2 - 2 + 1/4*l**4 - 3*l + 4/3*l**3. What is m(-3)?
-3
Let h(n) = n**2 - 20*n + 5. Let j be h(20). Let m be (-8)/j*(-4)/((-32)/(-20)). Let a(t) = -t - 3. Calculate a(m).
-7
Suppose 0*p + 10 = -5*t + 5*p, 5*t + 4*p = -28. Let m(y) = y + 8. What is m(t)?
4
Let u(m) = 6*m - 7. Let j be 3*((-14)/6 - -3)*1. Determine u(j).
5
Let d(h) = -h**3 + 6*h**2 + 9*h - 3. Suppose 4*r = 8*r - 12. Let v be (0 + r)/(12/28). What is d(v)?
11
Let w(j) = j**3 - 6*j**2 - 9*j + 20. Suppose 6*l = 5*l - 3*q - 8, -l + 4*q + 27 = 0. Determine w(l).
6
Let h(q) be the third derivative of q**6/720 - q**5/15 - 3*q**4/8 - 7*q**2. Let y(b) be the second derivative of h(b). Determine y(0).
-8
Let l be (-10)/(-4)*14/280*-16. Let m(p) = 9*p**2 + 2*p + 3. Give m(l).
35
Let g(q) = 3*q**3 - 8*q**2 + 10*q - 15. Let s(d) = -d**3 + 3*d**2 - 3*d + 5. Let p(o) = 2*g(o) + 7*s(o). Give p(5).
0
Let m(p) = 5*p + 0 + 7 + 3*p - 3*p. Let i(n) = n**3 + 5*n**2 + 10*n + 3. Let l be i(-2). What is m(l)?
-18
Suppose -5*v + 25 = -10*v. Let k(x) = 6*x**3 - 8*x**2 + x + 14. Let d(t) = -5*t**3 + 8*t**2 - 2*t - 13. Let s(u) = v*d(u) - 4*k(u). What is s(7)?
2
Let i(g) be the second derivative of -1/2*g**2 - 32*g + 0 + 2/3*g**3. What is i(-2)?
-9
Suppose v + 22 - 23 = 0. Let l(w) = 2*w**2 + w - 1. Give l(v).
2
Let j(i) be the third derivative of i**4/24 + i**3/3 - 7*i**2. Give j(0).
2
Let d(k) = -k + 13. Suppose 3*l = -p + 4, 6*l - 2*p + 8 = l. Suppose l*c = -4*c. Calculate d(c).
13
Let u(l) be the first derivative of l**3/6 + 2*l**2 + 33*l - 74. Let o(w) be the first derivative of u(w). Let a = -1 - 1. Give o(a).
2
Let g(r) be the first derivative of -r**4 + 2*r**3/3 - r**2 + 28. Give g(2).
-28
Let m be (9/6)/((-2)/(-4)). Let l(t) = 8 - t**2 + 4 - 13 - 2*t + m. Calculate l(-3).
-1
Let h(x) = 7*x**3 - 5*x**2 - 7*x + 3. Let v(u) = 14*u**3 - 8*u**2 - 11*u + 5. Let i(z) = 5*h(z) - 3*v(z). What is i(-2)?
56
Let s(j) be the first derivative of -2*j**3/3 - j**2 - j + 3. Let w be (-5)/2*16/20. Let g be s(w). Let x(l) = -l**2 - 4*l + 3. Determine x(g).
-2
Suppose 0 = -5*j + 6*j - 33. Suppose 4*l - m = 3*m - 8, -4*l - m = j. Let q(y) = y**2 + 7*y + 1. Give q(l).
1
Suppose 11*y = 21*y - 20. Let x(c) = -134*c**y - c**3 + 9*c + 132*c**2 + 6 - 3*c. Calculate x(-4).
14
Let j(x) be the second derivative of x**4/12 + x**2/2 - x - 7. Give j(2).
5
Let h(p) = -2*p**3 - 5*p**2 + p**3 - p + 0*p**2. Let q be (0/2)/4 + (-679)/7. Let t = q - -95. Calculate h(t).
-10
Suppose 0*r + r = 4. Let a = -1 + r. Let z(j) = -3*j + 505 - 505 + 0*j. Calculate z(a).
-9
Let j(a) = 2*a**3 - 6*a**2 + a - 4. Suppose x - 5 = -5*o + 9, 10 = x + 3*o. Calculate j(x).
32
Let p = -9 + 12. Suppose -h - 4 = -4*a, 2*a = p*a + 4*h - 1. Let d(f) = 10*f - 8*f - 2 + 7*f**3 + a - 2*f**2. Calculate d(1).
6
Let i(m) be the third derivative of 28*m**2 - m**3 + 1/4*m**4 + 0*m + 0 - 7/60*m**5 + 1/120*m**6. Give i(5).
-26
Let r(j) be the third derivative of -j**4/6 - j**3/6 + 41*j**2. Let i be (-2 + 3)*0 - 1. Calculate r(i).
3
Let j = 43 - 44. Let p(z) = -z**2 - z. Let v(o) = 3*o**2 - 3*o - 3. Let q(n) = j*v(n) - 2*p(n). What is q(6)?
-3
Suppose -3*l = 12, 5*u - 2*l - 5 = -37. Let t(y) = 3*y**2 + 16*y - 23. Let i(d) = -5*d**2 - 24*d + 35. Let z(r) = u*t(r) - 5*i(r).